*g. What are the prime factors of g?
5, 29
Suppose -7*x + 3*x - 3*k = -2666, 0 = -3*x + 3*k + 1989. List the prime factors of x.
5, 7, 19
Let p = -556 - -642. List the prime factors of p.
2, 43
Suppose 0*m + 2*m = 116. Suppose -m - 20 = -3*x. List the prime factors of x.
2, 13
Let b(a) = 8*a**3 - 7*a**2 - 5*a + 14. What are the prime factors of b(4)?
2, 197
Let d be (-4)/18 + 764/36. Suppose -3*n + 1 + 5 = 0. Suppose n*k - d = -k. List the prime factors of k.
7
Let f(g) = g**3 + 28*g**2 + 35*g - 17. List the prime factors of f(-25).
983
Suppose -598 = i - 2518. List the prime factors of i.
2, 3, 5
Let h(g) = -3*g**3 + 2*g**2 + g. Let l be h(-1). Suppose 0 = l*q + v - 87, -2*q - 2*v + 54 = 6. List the prime factors of q.
3, 7
Suppose -38*u + 12*u = -57226. What are the prime factors of u?
31, 71
Let u = 11 - 7. List the prime factors of 1/u - (-1365)/28.
7
Suppose -12 = -2*o - 2*o. Suppose o*r = -2*j + 41, -4*r + 2*j + 44 = -2*r. What are the prime factors of r?
17
Suppose 2*s + 5*y + 21 = 0, 3*y - 4*y = s + 3. Let l(o) be the second derivative of 2*o**3 + o. List the prime factors of l(s).
2, 3
Let a(g) = 8*g**2 + 7. Let h be 5 - (-4)/(-16)*(7 + 1). What are the prime factors of a(h)?
79
Let j(v) = v**2 + v - 25. Suppose 2*r + 3*r = -55. What are the prime factors of j(r)?
5, 17
Let i(g) = -11*g**3 + 2*g**2 + 2*g + 1. Let m be i(-2). Suppose -5*k = 2*v - m, k - v = -2*v + 21. What are the prime factors of k?
17
Suppose 0 = -0*a - 4*a + 2*c - 8, -2*a - 4*c + 16 = 0. Suppose i + 2*v + 19 = a, 2*i + 3*v = 15 - 50. Let j(l) = -3*l + 1. List the prime factors of j(i).
2, 5
Let x(w) = 0*w - w + 2 - 7. Let g be x(-10). Suppose -3*m - 3*u = -g*m + 37, -3*m + 4*u = -56. What are the prime factors of m?
2, 5
Let c(y) = 30*y - 3. Let j be c(-1). Let z = j - -97. List the prime factors of z.
2
Let v be 14*(0 - (-1 - -2)). Let a = -10 - v. Suppose 4*f - 11 = -m, -a*m + f + 146 - 17 = 0. What are the prime factors of m?
31
Let s(y) = 8*y - 10. Let g(o) = 8*o - 9. Let x(c) = -3*g(c) + 2*s(c). What are the prime factors of x(-7)?
3, 7
Suppose -p - 5*a + 245 = 0, 241 = p + 5*a - 4*a. Let j = 9 - 1. Suppose -12*f + p = -j*f. List the prime factors of f.
2, 3, 5
Let y(m) = -743*m**3 - 2*m**2 + 17*m + 19. List the prime factors of y(-1).
743
Suppose -3*h - 33 = -5*f, h + 3 = -h - 3*f. Let w be 5 - h/15*-5. Let l(c) = 2*c**2 - 5*c + 2. List the prime factors of l(w).
5
Suppose 127693 + 188427 = 56*l. List the prime factors of l.
5, 1129
Suppose 0 = -3*l - 4*l + 5957. List the prime factors of l.
23, 37
Suppose 0 = -5*v - 4*f + 28, v - 12 = -3*v + 2*f. Suppose 92 = 4*i + 4*o - o, -4*o = v*i - 96. What are the prime factors of i?
2, 5
List the prime factors of (-2)/((8/(-76)*1)/233).
19, 233
Suppose -3*j + 24 = -7*j. Let k be 4/j - (-830)/30. Let g = k + 4. List the prime factors of g.
31
What are the prime factors of 3/11 + (-512509)/(-253)?
2, 1013
Suppose 0 = 9*h - 3410 + 350. What are the prime factors of h?
2, 5, 17
Suppose -5*h - 268 = -2*x, -5*h = 2*x + 3*x - 670. What are the prime factors of x?
2, 67
Suppose 7 = -2*f - 9. Let s = 11 + f. Suppose -4*q - 4*n + s*n + 83 = 0, q + 3*n - 7 = 0. What are the prime factors of q?
2, 11
Let a = 9 + 1. Suppose 0 = a*s - 8*s - 8. Suppose -2*w + 123 = -0*w - 3*u, -2*w + s*u = -126. List the prime factors of w.
3, 19
Let x = 12 + -10. Suppose x*h = r - 1 + 6, 0 = 5*h - 4*r - 20. Suppose -4*o = 0, h*o + 2*o - 16 = -y. What are the prime factors of y?
2
Suppose 5*n + 6 - 1 = 0, -3*n = p - 749. List the prime factors of p.
2, 47
Suppose 1891*b - 6075 = 1888*b. What are the prime factors of b?
3, 5
Let j = 787 + -523. Suppose -88 = 2*c - j. List the prime factors of c.
2, 11
Let a(t) be the first derivative of t**3/3 - 7*t**2/2 + 9*t - 1. What are the prime factors of a(6)?
3
Suppose 6 = l - 0*l + i, -10 = -l - 2*i. Let c be l*(-1)/(-4)*20. Suppose -r + 2 = -c. What are the prime factors of r?
2, 3
Let u(w) be the first derivative of w**4/4 - 16*w**3/3 + 18*w**2 + 31*w + 23. List the prime factors of u(15).
2, 173
Let x = 6 - -1337. What are the prime factors of x?
17, 79
Let a(x) = -x**2 + 2*x + 3. Let v be a(3). Suppose 2*k - 8 = v, d - 69 = -2*k + 17. List the prime factors of d.
2, 3, 13
Suppose -2*q - 11 = -3*g, 2*g = 2*q + q + 4. List the prime factors of ((-2)/(-4))/(q/428).
107
List the prime factors of ((-275)/165)/(1 + 61/(-60)).
2, 5
What are the prime factors of 4*130*6/(-48)*-20?
2, 5, 13
Let h = 488 - 78. List the prime factors of h.
2, 5, 41
Suppose t + 3*y = y - 66, -2*y - 122 = 2*t. Let u = -32 - t. What are the prime factors of u?
2, 3
Suppose 0*f = -f - 2. Let d be (185 - -3)/(3 + f). Suppose -2*l - 2*l = -d. List the prime factors of l.
47
Let a(p) = p**3 + p**2 + p + 1024. What are the prime factors of a(0)?
2
Let g be (-4)/(-6)*135/18. Suppose 0*d - g*d = 0. Suppose -2 + 14 = -3*a, h - 3*a - 78 = d. List the prime factors of h.
2, 3, 11
Suppose 4*u - 3910 - 4322 = 0. List the prime factors of u.
2, 3, 7
Let t(c) = 391*c + 40. List the prime factors of t(3).
1213
Suppose l - 5*a = 653 + 249, 5*l + 2*a - 4429 = 0. What are the prime factors of l?
887
Let w(x) = x**3 + 10*x**2 + 8*x + 9. Suppose -9 = -4*k - 4*h + 3, -h = -3*k + 5. Suppose 6*p + 21 = -4*b + p, -b - k*p - 3 = 0. List the prime factors of w(b).
2, 3
Let k(c) be the third derivative of c**4/24 + 2*c**3 - 5*c**2. What are the prime factors of k(26)?
2, 19
Suppose 0 = 18*d - 19*d - 4*x + 3869, 2*x + 11551 = 3*d. What are the prime factors of d?
3853
Let q = 3543 + -1014. List the prime factors of q.
3, 281
Let k(o) be the second derivative of -o**5/20 - o**4/4 + 2*o**3/3 - 5*o**2 + 15*o + 3. What are the prime factors of k(-6)?
2, 37
Suppose -o = -5*o - 156. Let d = -11 - o. What are the prime factors of d?
2, 7
Let m = 399 - 192. List the prime factors of m.
3, 23
Let j = 89 - 54. Suppose h = 8*h - j. List the prime factors of h.
5
Let s(g) = 47*g + 1. Let m be s(1). Let y be 7/(28/m)*-1. What are the prime factors of (-453)/y - 2/(-8)?
2, 19
Suppose -r = -5*r + 236. Suppose -609 = -4*l + r. Suppose l = 5*c + 27. List the prime factors of c.
2, 7
Let d(w) = -8*w + 4. Let u be d(5). Suppose 0 = 4*q - 3*t - 123, 0 = q - 5*t + 16 - 51. List the prime factors of u/(-15)*q/9.
2
Let y be -2*(-5)/(-20)*4. Let s = y + 84. What are the prime factors of s?
2, 41
Suppose -2*z - 23 = -13. Let m(v) = 8*v - 6. Let r be m(z). What are the prime factors of r/5*(-5 - 0)?
2, 23
Let y(z) = 2*z - 5. Let o be y(4). Suppose 5*s - s - o*v - 25 = 0, 5*v - 25 = 0. List the prime factors of s.
2, 5
Suppose -12*g + 27*g - 570 = 0. What are the prime factors of g?
2, 19
Let c be 0/(-2) + 0 + -1. Let j(i) = -8*i + 2. Let k(l) = 6*l - 3. Let g(f) = 2*j(f) + 2*k(f). What are the prime factors of g(c)?
2
Let f be 0/(2 + 0) - -10. Let u = -10 + f. Suppose y + 5 - 10 = u. List the prime factors of y.
5
Let d(h) = 10*h + 1426. Let u be d(0). Suppose -u = 13*r - 5118. List the prime factors of r.
2, 71
Let n(d) = -d**3 + 5*d**2 + 10*d - 8. Let r(z) = -2*z + 2 + 10 + 3*z. Let w be r(-6). List the prime factors of n(w).
2
Let x be 17/(-68) + (-3)/4. List the prime factors of -1 - (-48 + x + -1).
7
Suppose -3*y = -3*b + 3, y + 6 - 2 = 2*b. Let j(q) = -3*q**2 + 42. Let r(g) = 4*g**2 + g - 43. Let i(c) = b*j(c) + 2*r(c). List the prime factors of i(0).
2, 5
Suppose 3*y + 3*g = 1149, -3*y + 1149 = 4*g - 3*g. List the prime factors of y.
383
Let v = 5 + -118. Let h be (-1)/((-1)/161)*1. Let k = v + h. List the prime factors of k.
2, 3
Suppose 2*q = p + 3406, -q = 152*p - 154*p - 1706. List the prime factors of q.
2, 23, 37
Let u = 30 - 9. List the prime factors of 1 + 71 + (24 - u).
3, 5
Let k(u) = u**3 - 10*u**2 + 7*u + 15. Let f be k(9). List the prime factors of (117/(-26))/(f/100).
2, 3, 5
Let s be (-1 - 2)*(-1)/(-1) - -57. Suppose -c = -4*t + 2*t + s, 5*t = 4*c + 129. List the prime factors of t.
29
What are the prime factors of -8 + 52440/16*2?
6547
Suppose m - 4842 = -5*g, -4*g + 3331 = 2*m - 545. What are the prime factors of g?
2, 11
Let u(n) be the third derivative of -n**6/120 + n**4/12 + 89*n**3/6 - 13*n**2. What are the prime factors of u(0)?
89
Let b be -14*(-3 - 3/6). Let n = -30 + b. Let s = -8 + n. List the prime factors of s.
11
Suppose 15*z + 1775 = 20*z. What ar